h(4). Calculate the remainder when f is divided by m(n).
11
Suppose 2*v - 100 - 9 = 3*g, 3*v - 3*g = 171. Let m = 5 - -16. Calculate the remainder when v is divided by m.
20
Let m = 1 - -17. Suppose 3*i - 3*n = -4*n + 11, -4*n = -2*i + 12. Calculate the remainder when m is divided by i.
2
Suppose 5*f = -5*r + 75, -r + 5*f - 2 - 7 = 0. Calculate the remainder when r is divided by 4.
3
Let h(z) = 3*z - 12. What is the remainder when 45 is divided by h(8)?
9
Let v(y) = 3*y + 2. Let s be 12/18*(-15)/(-2). Calculate the remainder when v(s) is divided by 6.
5
Suppose -5*m + 43 = -32. What is the remainder when 56 is divided by m?
11
Suppose -8 = 4*t, 0 = -2*v + v - 2*t + 30. What is the remainder when v is divided by 9?
7
Let o = 179 + -102. What is the remainder when o is divided by (-1 + (-3)/5)*(-125)/10?
17
Suppose -4*m + 193 = -7. Let l(c) = 2*c**3 + c**2 - 8*c + 9. Calculate the remainder when m is divided by l(2).
11
Let w = -42 - -60. What is the remainder when w is divided by 3?
0
Suppose -4*b = -33 - 15. Calculate the remainder when b is divided by 5.
2
Suppose 0 = -10*k + 15*k - 465. What is the remainder when k is divided by 24?
21
Suppose 3*t - 226 = t. Let d = 167 - t. What is the remainder when d is divided by (-3 + 0 - -23) + -1?
16
Suppose c + 0*c = 0. Suppose 3*u + 2*k - 22 = c, 4*k - 4 = 6*u - 2*u. Suppose -o = 2*o - 30. What is the remainder when o is divided by u?
2
Let i = -3 + -1. Let v = 48 - i. Calculate the remainder when v is divided by 27.
25
Suppose 3*j + 3 = 9, -5*m = 2*j - 24. Suppose m*o - 106 = 2*o. Calculate the remainder when o is divided by 18.
17
Let q(k) = -14*k + 1. Let g = -1 + 7. Calculate the remainder when q(-2) is divided by 3 + (-3)/(g/(-14)).
9
Let d(v) = -v**3 + 7*v**2 + v - 4. Calculate the remainder when d(5) is divided by 13.
12
Let s(k) = k**2 + 1. Let p be s(-2). Let m = 8 + p. What is the remainder when m is divided by 4?
1
Let l be 2/(-6) + 308/(-21). What is the remainder when 56 is divided by (-35)/(-2) - l/10?
18
Suppose 2*h + 3*h = -5*t + 320, -h + 70 = -t. Calculate the remainder when h is divided by 17.
16
Let t(z) = -z**3 - z**2 - 1. Let f be t(-2). Suppose -9 = n + 5*v, 0 = -3*n - f*v - v + 17. Calculate the remainder when 31 is divided by n.
9
Let p = -25 - -20. Suppose -2*m + 36 = 2*m. Calculate the remainder when 2 + p + 111/3 is divided by m.
7
Let j = -1 - -44. Calculate the remainder when 125 is divided by j.
39
Let v(c) = c**3 - 5*c**2 - 6*c + 9. Let o = 16 + -11. Suppose 12 = u - o. Calculate the remainder when u is divided by v(6).
8
Suppose 2*d + 6 - 32 = 0. Calculate the remainder when 25 is divided by d.
12
Suppose 5*c = -15, v - 3*c - 14 + 2 = 0. What is the remainder when ((-40)/v)/(8/(-24)) is divided by 14?
12
Let g(h) = 3*h**2 + 3*h - 2. Calculate the remainder when 29 is divided by g(-3).
13
Let q(g) be the third derivative of g**4/8 - g**3/3 - g**2. What is the remainder when 37 is divided by q(5)?
11
Suppose 2*l - 2*y = 0, -l + 3 = -4*y + 15. Let m = -10 - -16. What is the remainder when m is divided by l?
2
Suppose 15 - 60 = j. Let n = j + 81. Suppose -2*v = v - 57. Calculate the remainder when n is divided by v.
17
Let n(k) = k**3 - k + 11. Let z be n(0). Let o be (195/(-20) - -4)*-8. Suppose -z + o = 5*b. What is the remainder when 20 is divided by b?
6
Calculate the remainder when 796/16 + 2/8 is divided by 17.
16
Let z = 15 - 6. Suppose 2*j + 4*f + 4 = f, -16 = j + 5*f. What is the remainder when z is divided by 13/3 + j/6?
4
Let g = 265 + -254. Let l = 80 + -49. Calculate the remainder when l is divided by g.
9
Suppose 4*w + 0*w - 44 = 0. Let y(r) = 3*r - 14. Calculate the remainder when 56 is divided by y(w).
18
Let w(b) = -b**2 + 20*b - 28. Let s be w(19). Calculate the remainder when (-130)/(-15)*s/(-2) is divided by 8.
7
What is the remainder when 666/8 + 4/(-16) is divided by 17?
15
Suppose -5*u = -0*u - 4*t - 99, -5*t + 71 = 4*u. What is the remainder when 52 is divided by u?
14
Let o(l) = -l**3 - 7*l**2 + 17*l + 3. Calculate the remainder when 42 is divided by o(-9).
6
Suppose -3*w - 27 = -0. Let q(b) = b**2 + 8*b - 5. Let p be q(w). Suppose 3*i - 6*i + p*c = -73, 4*c = -i + 3. What is the remainder when i is divided by 7?
5
Calculate the remainder when (-19)/(-1 - (-3)/(-12)*-2) is divided by (-28)/(-2) - (-2 + 3).
12
Let c(t) = 2*t**2 + 4*t - 2. Let j = 1 - -26. What is the remainder when j is divided by c(2)?
13
Let n(w) = -4*w - 11. Suppose 4*u - 44 - 4 = 0. Calculate the remainder when n(-8) is divided by u.
9
Suppose -3*l + 8 = u, 11 = 4*u + 3. Suppose 0 = -l*c - 2*c - 120. What is the remainder when (-196)/(-10) + (-12)/c is divided by 7?
6
Suppose -145 = 2*n - 185. What is the remainder when n is divided by 14?
6
Let t(i) = i**2 - 12*i + 31. Calculate the remainder when 51 is divided by t(11).
11
Let h(f) = -23*f + 4. Calculate the remainder when h(-3) is divided by 15.
13
Let b = -107 + 174. What is the remainder when b is divided by 34?
33
Let u(w) = -w**3 - w**2 - 2*w + 6. Calculate the remainder when (11 + 0)*(8 - 6) is divided by u(0).
4
Let b be (0 - 5)*(-5 - 2). Suppose -b = 4*z - 2*p - 273, 5*z + 5*p - 260 = 0. What is the remainder when z is divided by 29?
28
Let l = 13 - 5. Calculate the remainder when 23 is divided by l.
7
Let j(z) be the first derivative of 3*z**3/2 - z**2 - 2*z - 5. Let l(o) be the first derivative of j(o). Calculate the remainder when l(2) is divided by 6.
4
Suppose -3*o + 2*o - 4*l + 19 = 0, 5*o = l + 74. Suppose -t + 2*s + 34 = -s, -4*s - 74 = -2*t. Calculate the remainder when t is divided by o.
13
Suppose -12*m + 10*m + 380 = 0. What is the remainder when m is divided by 32?
30
Let k(u) = 3*u**3 - u**2 + 3*u + 1. Calculate the remainder when k(3) is divided by 5.
2
Suppose 5 = g + 3*q - 3, -15 = -5*q. Calculate the remainder when 15 is divided by 5 - 3 - (-3 - g).
3
Let j be 2/2*(5 - -8). Suppose j = k - 0. What is the remainder when 51 is divided by k?
12
Suppose -2*i + 2*b = -50, -i + 43 = 2*i + 5*b. Let v = -11 + i. What is the remainder when 39 is divided by v?
9
Let z(p) = p**2 - p. Let g be z(0). Suppose g = -3*n + 1 + 5. What is the remainder when n is divided by 2?
0
Let m(c) = c**3 - 3*c**3 + 2*c - 9*c**2 + 2*c**2 - 10 + 3*c**3. What is the remainder when 2/((-2)/(-11) + 0) is divided by m(7)?
3
Let j(u) = -6*u - 4 + 4. Let f be j(-3). Suppose 0 = -5*v + 17 + f. Calculate the remainder when 20 is divided by v.
6
Suppose 5*c + 0*r + 24 = -3*r, 5*c = -5*r - 20. Let k = 8 + c. Suppose 0 = 5*x - 3*g - 38, -4*x - k*g + 11 = -15. What is the remainder when 12 is divided by x?
5
Let j(a) = 2*a**2 + 7*a - 2. Let w be j(-6). Suppose -z = z - w. Let s(g) = 2*g + 12. Calculate the remainder when s(14) is divided by z.
12
Suppose 5 = -r - 4*r. What is the remainder when 19/1 + (r - 1) is divided by 10?
7
Let r(b) = -6 - 5*b + 4*b + 0*b. What is the remainder when 2 is divided by r(-8)?
0
Suppose 0 = -2*m - 34 + 74. What is the remainder when 58 is divided by m?
18
Let t(u) = u**2 + 6*u - 3. Let d = -6 + 7. Let g be -3 - (-24)/(3/d). Calculate the remainder when t(g) is divided by 18.
16
Suppose -4*f + 5*f = 7. Suppose -z + f*n = 4*n - 14, -3*z - 4*n = -68. Calculate the remainder when -2*(3 + -2) + 60 is divided by z.
18
Let s = -42 - -94. Calculate the remainder when s is divided by 11.
8
Let d(n) be the second derivative of -n**5/20 + 5*n**4/12 + 2*n**3/3 - n**2/2 + 3*n. What is the remainder when d(5) is divided by 10?
9
Let i(h) = -h**3 + 6*h**2 + 2*h - 2. What is the remainder when i(4) is divided by 10?
8
Let v(h) = -h**2 - 12*h - 19. Calculate the remainder when v(-8) is divided by 7.
6
Let v(d) = -7*d + 10. What is the remainder when 181 is divided by v(-3)?
26
Suppose -57 = -4*q - 1. What is the remainder when q is divided by 10?
4
Suppose 0 = s + 3*s - 164. Let t(f) = 42*f**3 - f**2 + 1. Let q be t(1). Suppose 0 = 4*u - 7*u + q. Calculate the remainder when s is divided by u.
13
Suppose -3*i - 39 = -3*y, 2*y + 4*i - 29 = 3. Calculate the remainder when y is divided by 5.
4
Let z(u) = -u**2 + 14*u. What is the remainder when 51 is divided by z(13)?
12
Let f(n) = 2*n**2 + 3*n + 2. What is the remainder when (116/8)/((-10)/(-60)) is divided by f(-4)?
21
Let v be 4/(-6)*(-72)/(-16). Let x be (v - -4 - -2) 